nder when 3377292 is divided by 151.
26
Calculate the remainder when 1322222 is divided by 1908.
1886
Calculate the remainder when 840655 is divided by 3239.
1754
Calculate the remainder when 2693732 is divided by 673433.
0
What is the remainder when 134120383 is divided by 2032127?
1
What is the remainder when 5803852 is divided by 266?
264
Calculate the remainder when 1865833 is divided by 621930.
43
What is the remainder when 51852 is divided by 2357?
2355
What is the remainder when 434799 is divided by 21555?
3699
What is the remainder when 849117 is divided by 127?
122
Calculate the remainder when 4207284 is divided by 172.
164
Calculate the remainder when 6118684 is divided by 7.
5
Calculate the remainder when 98028 is divided by 24483.
96
What is the remainder when 2772392 is divided by 216?
32
Calculate the remainder when 23875609 is divided by 55.
54
Calculate the remainder when 19985387 is divided by 2780.
2747
Calculate the remainder when 26311 is divided by 5257.
26
What is the remainder when 581970049 is divided by 50?
49
Calculate the remainder when 49951 is divided by 1317.
1222
What is the remainder when 33542198 is divided by 40?
38
Calculate the remainder when 3262677 is divided by 29.
3
What is the remainder when 89410 is divided by 2078?
56
Calculate the remainder when 196133 is divided by 2487.
2147
What is the remainder when 349586 is divided by 399?
62
Calculate the remainder when 3477712 is divided by 434713.
8
Calculate the remainder when 692745 is divided by 114774.
4101
Calculate the remainder when 799677 is divided by 20484.
801
What is the remainder when 5196068 is divided by 40?
28
What is the remainder when 364577 is divided by 11393?
1
Calculate the remainder when 40966 is divided by 36489.
4477
Calculate the remainder when 394642728 is divided by 5510.
5508
Calculate the remainder when 7664118 is divided by 9.
6
Calculate the remainder when 11049864 is divided by 2209906.
334
What is the remainder when 33925173 is divided by 3379?
13
What is the remainder when 73839 is divided by 1573?
1481
Calculate the remainder when 688323 is divided by 85.
78
Calculate the remainder when 3545625 is divided by 141822.
75
Calculate the remainder when 73930 is divided by 5696.
5578
Calculate the remainder when 733757 is divided by 366878.
1
Calculate the remainder when 1996052474 is divided by 239.
237
What is the remainder when 10774457 is divided by 7785?
17
What is the remainder when 268392 is divided by 121?
14
What is the remainder when 1519004 is divided by 32?
28
What is the remainder when 764672 is divided by 1766?
1760
Calculate the remainder when 91749 is divided by 477.
165
What is the remainder when 175583 is divided by 58478?
149
Calculate the remainder when 189439 is divided by 277.
248
Calculate the remainder when 1353053 is divided by 2341.
2296
Calculate the remainder when 4350374 is divided by 163.
67
What is the remainder when 58512 is divided by 4325?
2287
What is the remainder when 10746741 is divided by 3450?
3441
What is the remainder when 1349704 is divided by 111?
55
What is the remainder when 1834693 is divided by 9815?
9103
Calculate the remainder when 860148 is divided by 430064.
20
What is the remainder when 10747706 is divided by 689?
684
What is the remainder when 7779052 is divided by 598388?
8
What is the remainder when 1560986 is divided by 141885?
251
What is the remainder when 3526225 is divided by 814?
791
What is the remainder when 1348257 is divided by 1348224?
33
What is the remainder when 5483501 is divided by 171359?
13
Calculate the remainder when 80500573 is divided by 25.
23
Calculate the remainder when 669986 is divided by 274.
56
Calculate the remainder when 2022115 is divided by 4839.
4252
What is the remainder when 329917 is divided by 1006?
955
What is the remainder when 226514 is divided by 45225?
389
Calculate the remainder when 2851788 is divided by 548.
544
What is the remainder when 291779 is divided by 291699?
80
Calculate the remainder when 4033610 is divided by 576154.
532
What is the remainder when 2596163 is divided by 865379?
26
What is the remainder when 31249743 is divided by 3906196?
175
What is the remainder when 93670 is divided by 147?
31
Calculate the remainder when 609385 is divided by 109.
75
What is the remainder when 894569500 is divided by 291?
289
What is the remainder when 44249 is divided by 613?
113
What is the remainder when 9083476 is divided by 17987?
41
Calculate the remainder when 77618416 is divided by 155.
151
Calculate the remainder when 1272480 is divided by 37.
13
Calculate the remainder when 48437262 is divided by 291.
21
Calculate the remainder when 410917 is divided by 837.
787
Calculate the remainder when 779612 is divided by 29985.
2
What is the remainder when 102863 is divided by 455?
33
Calculate the remainder when 2883509 is divided by 1281.
1259
What is the remainder when 7970458 is divided by 322?
314
What is the remainder when 1455674 is divided by 66166?
22
What is the remainder when 51029 is divided by 329?
34
What is the remainder when 108870949 is divided by 687?
685
What is the remainder when 5570055 is divided by 428465?
10
What is the remainder when 3359454 is divided by 391?
373
Calculate the remainder when 187872956 is divided by 66.
62
Calculate the remainder when 7936845 is divided by 1022.
1015
What is the remainder when 526844 is divided by 1592?
1484
What is the remainder when 204822 is divided by 51123?
330
Calculate the remainder when 2872839 is divided by 56330.
9
Calculate the remainder when 382622 is divided by 961.
144
Calculate the remainder when 229340574 is divided by 181.
180
Calculate the remainder when 218849 is divided by 625.
99
What is the remainder when 149040 is divided by 704?
496
Calculate the remainder when 152536704 is divided by 5.
4
Calculate the remainder when 164485 is divided by 6851.
61
What is the remainder when 1942842 is divided by 4327?
19
Calculate the remainder when 485254 is divided by 242548.
158
Calculate the remainder when 5557611 is divided by 66959.
14
Calculate the remainder when 1744507 is divided by 4048.
3867
Calculate the remainder when 3937176 is divided by 384.
24
What is the remainder when 31460 is divided by 29889?
1571
What is the remainder when 53824842 is divided by 38?
8
Calculate the remainder when 1008858 is divided by 96.
90
Calculate the remainder when 132164 is divided by 1141.
949
Calculate the remainder when 895242 is divided by 16578.
30
Calculate the remainder when 244023620 is divided by 98.
92
What is the remainder when 4718 is divided by 1551?
65
What is the remainder when 141954 is divided by 758?
208
What is the remainder when 81246 is divided by 5802?
18
Calculate the remainder when 553227 is divided by 874.
859
What is the remainder when 425830 is divided by 173?
77
Calculate the remainder when 33692995 is divided by 75.
70
Calculate the remainder when 140956915 is divided by 896.
883
What is the remainder when 416131 is divided by 468?
79
Calculate the remainder when 3344826 is divided by 176033.
199
What is the remainder when 41111 is divided by 2303?
1960
What is the remainder when 95943 is divided by 23965?
83
Calculate the remainder when 287001063 is divided by 933.
0
What is the remainder when 89248 is divided by 76?
24
Calculate the remainder when 22158320 is divided by 9609.
9575
What is the remainder when 13478750 is divided by 269575?
0
What is the remainder when 86592 is divided by 43124?
344
Calculate the remainder when 9561 is divided by 3166.
63
What is the remainder when 32179 is divided by 30038?
2141
What is the remainder when 3235603 is divided by 553?
0
What is the remainder when 25600 is divided by 148?
144
Calculate the remainder when 144850 is divided by 280.
90
What is the remainder when 6633967 is divided by 374?
329
Calculate the remainder when 13112724 is divided by 1697.
5
What is the remainder when 114539325 is divided by 2088?
2085
What is the remainder when 71947 is divided by 13577?
4062
What is the remainder when 107510 is divided by 23149?
14914
Calculate the remainder when 15325163 is divided by 58492.
259
Calculate the remainder when 11139068 is divided by 2784759.
32
What is the remainder when 110066 is divide